{"id":17,"date":"2018-02-14T11:01:40","date_gmt":"2018-02-14T10:01:40","guid":{"rendered":"http:\/\/www.onluscosimobattiato.it\/onlus\/?page_id=17"},"modified":"2021-02-26T20:18:11","modified_gmt":"2021-02-26T19:18:11","slug":"cosimo-battiato","status":"publish","type":"page","link":"https:\/\/www.onluscosimobattiato.it\/onlus\/cosimo-battiato\/","title":{"rendered":"Cosimo Battiato"},"content":{"rendered":"<p><img data-attachment-id=\"18\" data-permalink=\"https:\/\/www.onluscosimobattiato.it\/onlus\/cosimo-battiato\/cosimo_foto\/\" data-orig-file=\"https:\/\/i2.wp.com\/www.onluscosimobattiato.it\/wp-content\/uploads\/2018\/02\/Cosimo_foto.png?fit=200%2C270&amp;ssl=1\" data-orig-size=\"200,270\" data-comments-opened=\"1\" data-image-meta=\"{&quot;aperture&quot;:&quot;0&quot;,&quot;credit&quot;:&quot;&quot;,&quot;camera&quot;:&quot;&quot;,&quot;caption&quot;:&quot;&quot;,&quot;created_timestamp&quot;:&quot;0&quot;,&quot;copyright&quot;:&quot;&quot;,&quot;focal_length&quot;:&quot;0&quot;,&quot;iso&quot;:&quot;0&quot;,&quot;shutter_speed&quot;:&quot;0&quot;,&quot;title&quot;:&quot;&quot;,&quot;orientation&quot;:&quot;0&quot;}\" data-image-title=\"Cosimo Battiato\" data-image-description=\"\" data-medium-file=\"https:\/\/i2.wp.com\/www.onluscosimobattiato.it\/wp-content\/uploads\/2018\/02\/Cosimo_foto.png?fit=200%2C270&amp;ssl=1\" data-large-file=\"https:\/\/i2.wp.com\/www.onluscosimobattiato.it\/wp-content\/uploads\/2018\/02\/Cosimo_foto.png?fit=200%2C270&amp;ssl=1\" loading=\"lazy\" class=\"alignleft  wp-image-18\" src=\"https:\/\/i2.wp.com\/www.onluscosimobattiato.it\/wp-content\/uploads\/2018\/02\/Cosimo_foto.png?resize=106%2C143\" alt=\"\" width=\"106\" height=\"143\"  data-recalc-dims=\"1\"><strong>Cosimo Battiato&nbsp;<\/strong>\u00e8 nato a Lentini (CT) il 16 maggio 1964 e tornato al Padre il 31 luglio 2010 a causa del cancro.&nbsp;Si \u00e8 trasferito a Roma dove ha studiato per diventare <strong>fisioterapista<\/strong>.&nbsp;Nonostante fosse un <strong>ipovedente<\/strong>, ovvero aveva una capacit\u00e0 visiva molto ridotta rispetto al normale, ha vissuto pienamente. Oltre a lavorare come fisioterapista presso l\u2019ospedale San Filippo Neri era anche uno <strong>sportivo<\/strong>.<\/p>\n<p><img data-attachment-id=\"514\" data-permalink=\"https:\/\/www.onluscosimobattiato.it\/onlus\/cosimo-battiato\/maratona\/\" data-orig-file=\"https:\/\/i1.wp.com\/www.onluscosimobattiato.it\/wp-content\/uploads\/2021\/02\/maratona.jpg?fit=501%2C724&amp;ssl=1\" data-orig-size=\"501,724\" data-comments-opened=\"0\" data-image-meta=\"{&quot;aperture&quot;:&quot;0&quot;,&quot;credit&quot;:&quot;&quot;,&quot;camera&quot;:&quot;&quot;,&quot;caption&quot;:&quot;&quot;,&quot;created_timestamp&quot;:&quot;0&quot;,&quot;copyright&quot;:&quot;&quot;,&quot;focal_length&quot;:&quot;0&quot;,&quot;iso&quot;:&quot;0&quot;,&quot;shutter_speed&quot;:&quot;0&quot;,&quot;title&quot;:&quot;&quot;,&quot;orientation&quot;:&quot;0&quot;}\" data-image-title=\"maratona\" data-image-description=\"\" data-medium-file=\"https:\/\/i1.wp.com\/www.onluscosimobattiato.it\/wp-content\/uploads\/2021\/02\/maratona.jpg?fit=208%2C300&amp;ssl=1\" data-large-file=\"https:\/\/i1.wp.com\/www.onluscosimobattiato.it\/wp-content\/uploads\/2021\/02\/maratona.jpg?fit=501%2C724&amp;ssl=1\" loading=\"lazy\" class=\"alignleft  wp-image-514\" src=\"https:\/\/i1.wp.com\/www.onluscosimobattiato.it\/wp-content\/uploads\/2021\/02\/maratona.jpg?resize=105%2C152\" alt=\"\" width=\"105\" height=\"152\" srcset=\"https:\/\/i1.wp.com\/www.onluscosimobattiato.it\/wp-content\/uploads\/2021\/02\/maratona.jpg?resize=208%2C300&amp;ssl=1 208w, https:\/\/i1.wp.com\/www.onluscosimobattiato.it\/wp-content\/uploads\/2021\/02\/maratona.jpg?w=501&amp;ssl=1 501w\" sizes=\"(max-width: 105px) 100vw, 105px\" data-recalc-dims=\"1\" \/><\/p>\n<p>Lo sport che preferiva era la maratona, faceva parte del gruppo di maratoneti che hanno sede presso il Parco di Santa Maria della Piet\u00e0 dove gli amici hanno deposto una targa in suo ricordo. Era anche un bravo sciatore, accompagnato dalle guide alpine addestrate per condurre le persone ipovedenti e cieche, percorreva velocemente i pendii delle montagne del Trentino e si arrampicava sui percorsi di trekking per raggiungere le vette delle montagne.<\/p>\n<p><strong><img data-attachment-id=\"515\" data-permalink=\"https:\/\/www.onluscosimobattiato.it\/onlus\/cosimo-battiato\/sci\/\" data-orig-file=\"https:\/\/i0.wp.com\/www.onluscosimobattiato.it\/wp-content\/uploads\/2021\/02\/sci.jpg?fit=134%2C431&amp;ssl=1\" data-orig-size=\"134,431\" data-comments-opened=\"0\" data-image-meta=\"{&quot;aperture&quot;:&quot;0&quot;,&quot;credit&quot;:&quot;&quot;,&quot;camera&quot;:&quot;&quot;,&quot;caption&quot;:&quot;&quot;,&quot;created_timestamp&quot;:&quot;0&quot;,&quot;copyright&quot;:&quot;&quot;,&quot;focal_length&quot;:&quot;0&quot;,&quot;iso&quot;:&quot;0&quot;,&quot;shutter_speed&quot;:&quot;0&quot;,&quot;title&quot;:&quot;&quot;,&quot;orientation&quot;:&quot;0&quot;}\" data-image-title=\"sci\" data-image-description=\"\" data-medium-file=\"https:\/\/i0.wp.com\/www.onluscosimobattiato.it\/wp-content\/uploads\/2021\/02\/sci.jpg?fit=93%2C300&amp;ssl=1\" data-large-file=\"https:\/\/i0.wp.com\/www.onluscosimobattiato.it\/wp-content\/uploads\/2021\/02\/sci.jpg?fit=134%2C431&amp;ssl=1\" loading=\"lazy\" class=\"alignleft  wp-image-515\" src=\"https:\/\/i0.wp.com\/www.onluscosimobattiato.it\/wp-content\/uploads\/2021\/02\/sci.jpg?resize=67%2C216\" alt=\"\" width=\"67\" height=\"216\" srcset=\"https:\/\/i0.wp.com\/www.onluscosimobattiato.it\/wp-content\/uploads\/2021\/02\/sci.jpg?resize=93%2C300&amp;ssl=1 93w, https:\/\/i0.wp.com\/www.onluscosimobattiato.it\/wp-content\/uploads\/2021\/02\/sci.jpg?w=134&amp;ssl=1 134w\" sizes=\"(max-width: 67px) 100vw, 67px\" data-recalc-dims=\"1\" \/>Era una persona riservata, piena di amore e di solidariet\u00e0 verso il prossimo<\/strong>. Aveva una adozione a distanza in Ruanda e ne era molto contento. Aveva sempre una parola di conforto e un sorriso per chiunque, lui ipovedente aiutava le persone cieche ad orientarsi e camminare. Stanco dopo una giornata di lavoro o una maratona era sempre disponibile ad ascoltare gli amici e ridere e soffrire con loro. Anche durante la malattia non ha perso il sorriso ed ha affrontato, senza lamentarsi, le cure e il dolore che gli provocava, confortando gli amici e i parenti.<\/p>\n<p>Prediligeva due animali: il delfino e l\u2019aquila, animali liberi, giocosi, veloci che percorrono grandi spazi nell\u2019acqua e nell\u2019aria, un po\u2019 come lui. Il logo dell\u2019Associazione giocando con le iniziali di Cosimo rappresenta la C con un delfino e la B con un\u2019aquila.<\/p>\n<p>Chi era Cosimo lo descrivono due amici dell\u2019Associazione:<\/p>\n<p><em>\u201cHo conosciuto Cosimo molti anni fa e con lui ho condiviso gite, vacanze in montagna viaggi e belle esperienze di svago.<br \/>\nCon gli anni abbiamo iniziato a parlare degli avvenimenti delle nostre vite, dei nostri caratteri e dei nostri diversi punti di vista.<br \/>\nSe ai primi tempi della nostra amicizia mi poteva sembrare chiuso e timido, col tempo ho capito quanto fosse limpido dentro, quanto riflettesse prima di parlare e quanti valori avesse, senza sputare sentenze ma esprimendo pacatamente le sue opinioni.<br \/>\nGli ultimi mesi sono passati parlando di ricette di cucina, ricordando i bei momenti passati insieme agli amici e progettando il futuro.<br \/>\nNon l\u2019ho mai sentito lamentarsi della pesante situazione che stava vivendo, e della dura prova che stava affrontando.<br \/>\nA volte si chiedeva e ti chiedeva \u201cperch\u00e9 a me succede tutto questo?\u201d, poi riprendeva a fare programmi\u2026 ASPETTANDO UN DOMANI MIGLIORE\u201d.<\/em><br \/>\n&nbsp;&nbsp;(Giovanna)<\/p>\n<p><em>\u201cNel mio cuore rimarr\u00e0 sempre il ricordo del sorriso di Cosimo che con amore sapeva donare alle persone che circondavano la sua vita, un sorriso con il quale affrontava la sua giornata e con il quale ha affrontato l\u2019ultima sua grande battaglia. Sapeva farsi amare con semplicit\u00e0 e con altrettanta semplicit\u00e0 regalava la sua disponibilit\u00e0 a chi ne aveva bisogno, mai scorretto, mai invadente ma sempre educatamente e simpaticamente presente nei tanti bei momenti passati insieme\u201d.<\/em><br \/>\n&nbsp;&nbsp;(Donatella)<\/p>\n","protected":false},"excerpt":{"rendered":"<p>Cosimo Battiato&nbsp;\u00e8 nato a Lentini (CT) il 16 maggio 1964 e tornato al Padre il 31 luglio 2010 a causa del cancro.&nbsp;Si \u00e8 trasferito a Roma dove ha studiato per diventare fisioterapista.&nbsp;Nonostante fosse un ipovedente, ovvero aveva una capacit\u00e0 visiva molto ridotta rispetto al normale, ha vissuto pienamente. Oltre a lavorare come fisioterapista presso l\u2019ospedale [&hellip;]<\/p>\n","protected":false},"author":1,"featured_media":0,"parent":0,"menu_order":0,"comment_status":"closed","ping_status":"closed","template":"","meta":{"ngg_post_thumbnail":0,"spay_email":""},"jetpack_sharing_enabled":true,"jetpack_shortlink":"https:\/\/wp.me\/P9F40P-h","jetpack_likes_enabled":true,"jetpack-related-posts":[{"id":11,"url":"https:\/\/www.onluscosimobattiato.it\/onlus\/i-progetti\/","url_meta":{"origin":17,"position":0},"title":"I Progetti","date":"14 Febbraio 2018","format":false,"excerpt":"La vendita dei prodotti artigianali realizzati dai volontari, le donazioni elargite e il contributo del 5x1000 ci consentono di rinnovare ogni anno l\u2019adozione di 2 ragazzi che vivono in Ruanda, adottare un bambino significa aiutarlo ad andare a scuola, avere cure mediche e medicine ogni qual volta ne avr\u00e0 bisogno,\u2026","rel":"","context":"Articolo simile","img":{"alt_text":"","src":"","width":0,"height":0},"classes":[]},{"id":252,"url":"https:\/\/www.onluscosimobattiato.it\/onlus\/come-donare\/","url_meta":{"origin":17,"position":1},"title":"Come donare","date":"23 Aprile 2018","format":false,"excerpt":"Puoi sostenere i progetti dell'Associazione in diversi modi: con una donazione intestata all'Associazione Cosimo Battiato Onlus: \u00a0 \u00a0 \u00a0 \u00a0 \u00a0- c\/c postale n. 8220677 \u00a0 \u00a0 \u00a0 \u00a0 \u00a0- Bonifico codice IBAN IT 05 E 07601 03200 000008220677. Le donazioni a favore dell'Associazione Cosimo Battiato godono di benefici fiscali:\u2026","rel":"","context":"Articolo simile","img":{"alt_text":"","src":"https:\/\/i1.wp.com\/www.onluscosimobattiato.it\/wp-content\/uploads\/2018\/04\/5x1000-grande.png?resize=350%2C200","width":350,"height":200},"classes":[]},{"id":20,"url":"https:\/\/www.onluscosimobattiato.it\/onlus\/chi-siamo\/","url_meta":{"origin":17,"position":2},"title":"Chi siamo","date":"14 Febbraio 2018","format":false,"excerpt":"L'Associazione \u00e8 una organizzazione non lucrativa di solidariet\u00e0 sociale il cui scopo principale \u00e8 la solidariet\u00e0 sociale verso tutte le persone svantaggiate in ragione di condizioni fisiche, economiche e familiari. L\u2019Associazione \u00e8 stata costituita il 21 dicembre 2010 per ricordare l\u2019opera di amore verso i pi\u00f9 bisognosi da parte di\u2026","rel":"","context":"Articolo simile","img":{"alt_text":"","src":"","width":0,"height":0},"classes":[]},{"id":533,"url":"https:\/\/www.onluscosimobattiato.it\/onlus\/progetti-2020\/","url_meta":{"origin":17,"position":3},"title":"Progetti 2020","date":"5 Marzo 2021","format":false,"excerpt":"In questo anno, la pandemia ha limitato la possibilit\u00e0 di realizzare mercatini domenicali, principale mezzo per raccogliere fondi, ma l\u2019Associazione Cosimo Battiato non ha mai smesso di sostenere coloro che ci chiedono un aiuto. Alla casa-famiglia \u2018La Casa della Mamma\u2019 di Roma, che accoglie giovani madri con i loro bambini\u2026","rel":"","context":"Articolo simile","img":{"alt_text":"","src":"","width":0,"height":0},"classes":[]},{"id":535,"url":"https:\/\/www.onluscosimobattiato.it\/onlus\/progetti-2019\/","url_meta":{"origin":17,"position":4},"title":"Progetti 2019","date":"5 Marzo 2021","format":false,"excerpt":"Abbiamo partecipato al progetto \u2018Alimentazione\u2019, segnalato dalla nostra amica Serena. Il progetto promuove l\u2019educazione, la formazione professionale e una alimentazione adeguata a 97 bambini che vivono e studiano presso il Centro di Accoglienza \u2018Lar nova Esperenca\u2019 nella citt\u00e0 di Matola in Monzabico. L\u2019amica Tela ci ha segnalato questi due progetti\u2026","rel":"","context":"Articolo simile","img":{"alt_text":"","src":"https:\/\/i2.wp.com\/www.onluscosimobattiato.it\/wp-content\/uploads\/2021\/03\/PHOTO-2019-03-31-14-16-16.jpg?resize=350%2C200&ssl=1","width":350,"height":200},"classes":[]},{"id":14,"url":"https:\/\/www.onluscosimobattiato.it\/onlus\/diventa-socio\/","url_meta":{"origin":17,"position":5},"title":"Diventa Socio","date":"14 Febbraio 2018","format":false,"excerpt":"Puoi contribuire ai progetti dell\u2019Associazione diventando: Socio sostenitore \u2013 sostiene l\u2019Associazione con un contributo annuo di 20 euro Socio ordinario - partecipa attivamente alla vita dell\u2019Associazione ed offre la sua opera a titolo gratuito come volontario. La quota associativa \u00e8 di 15 euro annui. La domanda di iscrizione va inviata\u2026","rel":"","context":"Articolo simile","img":{"alt_text":"","src":"","width":0,"height":0},"classes":[]}],"_links":{"self":[{"href":"https:\/\/www.onluscosimobattiato.it\/onlus\/wp-json\/wp\/v2\/pages\/17"}],"collection":[{"href":"https:\/\/www.onluscosimobattiato.it\/onlus\/wp-json\/wp\/v2\/pages"}],"about":[{"href":"https:\/\/www.onluscosimobattiato.it\/onlus\/wp-json\/wp\/v2\/types\/page"}],"author":[{"embeddable":true,"href":"https:\/\/www.onluscosimobattiato.it\/onlus\/wp-json\/wp\/v2\/users\/1"}],"replies":[{"embeddable":true,"href":"https:\/\/www.onluscosimobattiato.it\/onlus\/wp-json\/wp\/v2\/comments?post=17"}],"version-history":[{"count":4,"href":"https:\/\/www.onluscosimobattiato.it\/onlus\/wp-json\/wp\/v2\/pages\/17\/revisions"}],"predecessor-version":[{"id":520,"href":"https:\/\/www.onluscosimobattiato.it\/onlus\/wp-json\/wp\/v2\/pages\/17\/revisions\/520"}],"wp:attachment":[{"href":"https:\/\/www.onluscosimobattiato.it\/onlus\/wp-json\/wp\/v2\/media?parent=17"}],"curies":[{"name":"wp","href":"https:\/\/api.w.org\/{rel}","templated":true}]}}

<p><img data-attachment-id="18" data-permalink="https://www.onluscosimobattiato.it/onlus/cosimo-battiato/cosimo_foto/" data-orig-file="https://i2.wp.com/www.onluscosimobattiato.it/wp-content/uploads/2018/02/Cosimo_foto.png?fit=200%2C270&amp;ssl=1" data-orig-size="200,270" data-comments-opened="1" data-image-meta="{&quot;aperture&quot;:&quot;0&quot;,&quot;credit&quot;:&quot;&quot;,&quot;camera&quot;:&quot;&quot;,&quot;caption&quot;:&quot;&quot;,&quot;created_timestamp&quot;:&quot;0&quot;,&quot;copyright&quot;:&quot;&quot;,&quot;focal_length&quot;:&quot;0&quot;,&quot;iso&quot;:&quot;0&quot;,&quot;shutter_speed&quot;:&quot;0&quot;,&quot;title&quot;:&quot;&quot;,&quot;orientation&quot;:&quot;0&quot;}" data-image-title="Cosimo Battiato" data-image-description="" data-medium-file="https://i2.wp.com/www.onluscosimobattiato.it/wp-content/uploads/2018/02/Cosimo_foto.png?fit=200%2C270&amp;ssl=1" data-large-file="https://i2.wp.com/www.onluscosimobattiato.it/wp-content/uploads/2018/02/Cosimo_foto.png?fit=200%2C270&amp;ssl=1" loading="lazy" class="alignleft  wp-image-18" src="https://i2.wp.com/www.onluscosimobattiato.it/wp-content/uploads/2018/02/Cosimo_foto.png?resize=106%2C143" alt="" width="106" height="143"  data-recalc-dims="1"><strong>Cosimo Battiato&nbsp;</strong>è nato a Lentini (CT) il 16 maggio 1964 e tornato al Padre il 31 luglio 2010 a causa del cancro.&nbsp;Si è trasferito a Roma dove ha studiato per diventare <strong>fisioterapista</strong>.&nbsp;Nonostante fosse un <strong>ipovedente</strong>, ovvero aveva una capacità visiva molto ridotta rispetto al normale, ha vissuto pienamente. Oltre a lavorare come fisioterapista presso l’ospedale San Filippo Neri era anche uno <strong>sportivo</strong>.</p>
<p><img data-attachment-id="514" data-permalink="https://www.onluscosimobattiato.it/onlus/cosimo-battiato/maratona/" data-orig-file="https://i1.wp.com/www.onluscosimobattiato.it/wp-content/uploads/2021/02/maratona.jpg?fit=501%2C724&amp;ssl=1" data-orig-size="501,724" data-comments-opened="0" data-image-meta="{&quot;aperture&quot;:&quot;0&quot;,&quot;credit&quot;:&quot;&quot;,&quot;camera&quot;:&quot;&quot;,&quot;caption&quot;:&quot;&quot;,&quot;created_timestamp&quot;:&quot;0&quot;,&quot;copyright&quot;:&quot;&quot;,&quot;focal_length&quot;:&quot;0&quot;,&quot;iso&quot;:&quot;0&quot;,&quot;shutter_speed&quot;:&quot;0&quot;,&quot;title&quot;:&quot;&quot;,&quot;orientation&quot;:&quot;0&quot;}" data-image-title="maratona" data-image-description="" data-medium-file="https://i1.wp.com/www.onluscosimobattiato.it/wp-content/uploads/2021/02/maratona.jpg?fit=208%2C300&amp;ssl=1" data-large-file="https://i1.wp.com/www.onluscosimobattiato.it/wp-content/uploads/2021/02/maratona.jpg?fit=501%2C724&amp;ssl=1" loading="lazy" class="alignleft  wp-image-514" src="https://i1.wp.com/www.onluscosimobattiato.it/wp-content/uploads/2021/02/maratona.jpg?resize=105%2C152" alt="" width="105" height="152" srcset="https://i1.wp.com/www.onluscosimobattiato.it/wp-content/uploads/2021/02/maratona.jpg?resize=208%2C300&amp;ssl=1 208w, https://i1.wp.com/www.onluscosimobattiato.it/wp-content/uploads/2021/02/maratona.jpg?w=501&amp;ssl=1 501w" sizes="(max-width: 105px) 100vw, 105px" data-recalc-dims="1" /></p>
<p>Lo sport che preferiva era la maratona, faceva parte del gruppo di maratoneti che hanno sede presso il Parco di Santa Maria della Pietà dove gli amici hanno deposto una targa in suo ricordo. Era anche un bravo sciatore, accompagnato dalle guide alpine addestrate per condurre le persone ipovedenti e cieche, percorreva velocemente i pendii delle montagne del Trentino e si arrampicava sui percorsi di trekking per raggiungere le vette delle montagne.</p>
<p><strong><img data-attachment-id="515" data-permalink="https://www.onluscosimobattiato.it/onlus/cosimo-battiato/sci/" data-orig-file="https://i0.wp.com/www.onluscosimobattiato.it/wp-content/uploads/2021/02/sci.jpg?fit=134%2C431&amp;ssl=1" data-orig-size="134,431" data-comments-opened="0" data-image-meta="{&quot;aperture&quot;:&quot;0&quot;,&quot;credit&quot;:&quot;&quot;,&quot;camera&quot;:&quot;&quot;,&quot;caption&quot;:&quot;&quot;,&quot;created_timestamp&quot;:&quot;0&quot;,&quot;copyright&quot;:&quot;&quot;,&quot;focal_length&quot;:&quot;0&quot;,&quot;iso&quot;:&quot;0&quot;,&quot;shutter_speed&quot;:&quot;0&quot;,&quot;title&quot;:&quot;&quot;,&quot;orientation&quot;:&quot;0&quot;}" data-image-title="sci" data-image-description="" data-medium-file="https://i0.wp.com/www.onluscosimobattiato.it/wp-content/uploads/2021/02/sci.jpg?fit=93%2C300&amp;ssl=1" data-large-file="https://i0.wp.com/www.onluscosimobattiato.it/wp-content/uploads/2021/02/sci.jpg?fit=134%2C431&amp;ssl=1" loading="lazy" class="alignleft  wp-image-515" src="https://i0.wp.com/www.onluscosimobattiato.it/wp-content/uploads/2021/02/sci.jpg?resize=67%2C216" alt="" width="67" height="216" srcset="https://i0.wp.com/www.onluscosimobattiato.it/wp-content/uploads/2021/02/sci.jpg?resize=93%2C300&amp;ssl=1 93w, https://i0.wp.com/www.onluscosimobattiato.it/wp-content/uploads/2021/02/sci.jpg?w=134&amp;ssl=1 134w" sizes="(max-width: 67px) 100vw, 67px" data-recalc-dims="1" />Era una persona riservata, piena di amore e di solidarietà verso il prossimo</strong>. Aveva una adozione a distanza in Ruanda e ne era molto contento. Aveva sempre una parola di conforto e un sorriso per chiunque, lui ipovedente aiutava le persone cieche ad orientarsi e camminare. Stanco dopo una giornata di lavoro o una maratona era sempre disponibile ad ascoltare gli amici e ridere e soffrire con loro. Anche durante la malattia non ha perso il sorriso ed ha affrontato, senza lamentarsi, le cure e il dolore che gli provocava, confortando gli amici e i parenti.</p>
<p>Prediligeva due animali: il delfino e l’aquila, animali liberi, giocosi, veloci che percorrono grandi spazi nell’acqua e nell’aria, un po’ come lui. Il logo dell’Associazione giocando con le iniziali di Cosimo rappresenta la C con un delfino e la B con un’aquila.</p>
<p>Chi era Cosimo lo descrivono due amici dell’Associazione:</p>
<p><em>“Ho conosciuto Cosimo molti anni fa e con lui ho condiviso gite, vacanze in montagna viaggi e belle esperienze di svago.<br />
Con gli anni abbiamo iniziato a parlare degli avvenimenti delle nostre vite, dei nostri caratteri e dei nostri diversi punti di vista.<br />
Se ai primi tempi della nostra amicizia mi poteva sembrare chiuso e timido, col tempo ho capito quanto fosse limpido dentro, quanto riflettesse prima di parlare e quanti valori avesse, senza sputare sentenze ma esprimendo pacatamente le sue opinioni.<br />
Gli ultimi mesi sono passati parlando di ricette di cucina, ricordando i bei momenti passati insieme agli amici e progettando il futuro.<br />
Non l’ho mai sentito lamentarsi della pesante situazione che stava vivendo, e della dura prova che stava affrontando.<br />
A volte si chiedeva e ti chiedeva “perché a me succede tutto questo?”, poi riprendeva a fare programmi… ASPETTANDO UN DOMANI MIGLIORE”.</em><br />
&nbsp;&nbsp;(Giovanna)</p>
<p><em>“Nel mio cuore rimarrà sempre il ricordo del sorriso di Cosimo che con amore sapeva donare alle persone che circondavano la sua vita, un sorriso con il quale affrontava la sua giornata e con il quale ha affrontato l’ultima sua grande battaglia. Sapeva farsi amare con semplicità e con altrettanta semplicità regalava la sua disponibilità a chi ne aveva bisogno, mai scorretto, mai invadente ma sempre educatamente e simpaticamente presente nei tanti bei momenti passati insieme”.</em><br />
&nbsp;&nbsp;(Donatella)</p>

<p>Cosimo Battiato&nbsp;è nato a Lentini (CT) il 16 maggio 1964 e tornato al Padre il 31 luglio 2010 a causa del cancro.&nbsp;Si è trasferito a Roma dove ha studiato per diventare fisioterapista.&nbsp;Nonostante fosse un ipovedente, ovvero aveva una capacità visiva molto ridotta rispetto al normale, ha vissuto pienamente. Oltre a lavorare come fisioterapista presso l’ospedale [&hellip;]</p>

La vendita dei prodotti artigianali realizzati dai volontari, le donazioni elargite e il contributo del 5x1000 ci consentono di rinnovare ogni anno l’adozione di 2 ragazzi che vivono in Ruanda, adottare un bambino significa aiutarlo ad andare a scuola, avere cure mediche e medicine ogni qual volta ne avrà bisogno,…

L'Associazione è una organizzazione non lucrativa di solidarietà sociale il cui scopo principale è la solidarietà sociale verso tutte le persone svantaggiate in ragione di condizioni fisiche, economiche e familiari. L’Associazione è stata costituita il 21 dicembre 2010 per ricordare l’opera di amore verso i più bisognosi da parte di…

In questo anno, la pandemia ha limitato la possibilità di realizzare mercatini domenicali, principale mezzo per raccogliere fondi, ma l’Associazione Cosimo Battiato non ha mai smesso di sostenere coloro che ci chiedono un aiuto. Alla casa-famiglia ‘La Casa della Mamma’ di Roma, che accoglie giovani madri con i loro bambini…

Abbiamo partecipato al progetto ‘Alimentazione’, segnalato dalla nostra amica Serena. Il progetto promuove l’educazione, la formazione professionale e una alimentazione adeguata a 97 bambini che vivono e studiano presso il Centro di Accoglienza ‘Lar nova Esperenca’ nella città di Matola in Monzabico. L’amica Tela ci ha segnalato questi due progetti…

Puoi contribuire ai progetti dell’Associazione diventando: Socio sostenitore – sostiene l’Associazione con un contributo annuo di 20 euro Socio ordinario - partecipa attivamente alla vita dell’Associazione ed offre la sua opera a titolo gratuito come volontario. La quota associativa è di 15 euro annui. La domanda di iscrizione va inviata…
