{"id":535,"date":"2021-03-05T21:23:14","date_gmt":"2021-03-05T20:23:14","guid":{"rendered":"http:\/\/www.onluscosimobattiato.it\/onlus\/?page_id=535"},"modified":"2021-03-05T21:23:14","modified_gmt":"2021-03-05T20:23:14","slug":"progetti-2019","status":"publish","type":"page","link":"https:\/\/www.onluscosimobattiato.it\/onlus\/progetti-2019\/","title":{"rendered":"Progetti 2019"},"content":{"rendered":"\n<p>Abbiamo partecipato al <strong>progetto \u2018Alimentazione\u2019<\/strong>, segnalato dalla nostra amica Serena. Il progetto promuove <strong>l\u2019educazione, la formazione professionale e una alimentazione adeguata a 97 bambini<\/strong> che vivono e studiano presso il Centro di Accoglienza \u2018Lar nova Esperenca\u2019 nella citt\u00e0 di Matola in <strong>Monzabico.<\/strong><\/p>\n\n\n\n<div class=\"wp-block-image\"><figure class=\"alignright size-large is-resized\"><img data-attachment-id=\"545\" data-permalink=\"https:\/\/www.onluscosimobattiato.it\/onlus\/photo-2019-03-31-14-16-16\/\" data-orig-file=\"https:\/\/i2.wp.com\/www.onluscosimobattiato.it\/wp-content\/uploads\/2021\/03\/PHOTO-2019-03-31-14-16-16.jpg?fit=684%2C1216&amp;ssl=1\" data-orig-size=\"684,1216\" data-comments-opened=\"0\" data-image-meta=\"{&quot;aperture&quot;:&quot;0&quot;,&quot;credit&quot;:&quot;&quot;,&quot;camera&quot;:&quot;&quot;,&quot;caption&quot;:&quot;&quot;,&quot;created_timestamp&quot;:&quot;0&quot;,&quot;copyright&quot;:&quot;&quot;,&quot;focal_length&quot;:&quot;0&quot;,&quot;iso&quot;:&quot;0&quot;,&quot;shutter_speed&quot;:&quot;0&quot;,&quot;title&quot;:&quot;&quot;,&quot;orientation&quot;:&quot;0&quot;}\" data-image-title=\"PHOTO-2019-03-31-14-16-16\" data-image-description=\"\" data-medium-file=\"https:\/\/i2.wp.com\/www.onluscosimobattiato.it\/wp-content\/uploads\/2021\/03\/PHOTO-2019-03-31-14-16-16.jpg?fit=169%2C300&amp;ssl=1\" data-large-file=\"https:\/\/i2.wp.com\/www.onluscosimobattiato.it\/wp-content\/uploads\/2021\/03\/PHOTO-2019-03-31-14-16-16.jpg?fit=576%2C1024&amp;ssl=1\" loading=\"lazy\" src=\"https:\/\/i2.wp.com\/www.onluscosimobattiato.it\/wp-content\/uploads\/2021\/03\/PHOTO-2019-03-31-14-16-16.jpg?resize=118%2C210\" alt=\"\" class=\"wp-image-545\" width=\"118\" height=\"210\" srcset=\"https:\/\/i2.wp.com\/www.onluscosimobattiato.it\/wp-content\/uploads\/2021\/03\/PHOTO-2019-03-31-14-16-16.jpg?resize=576%2C1024&amp;ssl=1 576w, https:\/\/i2.wp.com\/www.onluscosimobattiato.it\/wp-content\/uploads\/2021\/03\/PHOTO-2019-03-31-14-16-16.jpg?resize=169%2C300&amp;ssl=1 169w, https:\/\/i2.wp.com\/www.onluscosimobattiato.it\/wp-content\/uploads\/2021\/03\/PHOTO-2019-03-31-14-16-16.jpg?w=684&amp;ssl=1 684w\" sizes=\"(max-width: 118px) 100vw, 118px\" data-recalc-dims=\"1\" \/><\/figure><\/div>\n\n\n\n<p>L\u2019amica Tela ci ha segnalato questi due progetti in Kenia: 1- a <strong>Meru in Kenia<\/strong> si trova il centro IRENE TRAINING CENTRE FOR BLIND GIRLS frequentato dalle ragazze non vedenti pi\u00f9 sfortunate, quelle cio\u00e8 che non hanno potuto frequentare un corso di studi regolari. Anzi, alcune di loro non hanno nemmeno avuto la possibilit\u00e0 di andare a scola. Sono gruppi da trenta a quaranta ragazze che imparano a lavorare a maglia, usando anche macchine di maglieria Singer, imparano a fare il pane o dolci con piccoli forni artigianali a legna, ed altre attivit\u00e0 utili per il loro futuro, compresa un poco di alfabetizzazione. Il problema di queste ragazze \u00e8 che al termine del corso per iniziare il loro business a casa, nel loro villaggio, necessitano di una macchina di maglieria, purtroppo, le macchine sono molto costose. Ad aprile abbiamo <strong>donato<\/strong> <strong>una macchina per maglieria alle ragazze<\/strong><br>2- contribuire a <strong>ristrutturare una casa per bambini orfani pluriminorati<\/strong> tenuta da una suora della congregazione Nazareth Sisters. La Casa ospita <strong>15 bambini con problemi mentali e fisici<\/strong>. Vi sono delle barriere architettoniche davvero pericolose per i bambini con problemi di deambulazione. Cos\u00ec il primo intervento \u00e8 quello di eliminare una scala fatta da gradini alti ed irregolari facendo invece una rampa con corrimano. Questa scala porta alle toilette, sono alla turca e naturalmente chi ha problemi alle gambe non pu\u00f2 piegarle facilmente. Andrebbero istallati dei wc. Nel mese di aprile abbiamo donato 600 euro necessari per <strong>eliminare un po&#8217; di barriere architettoniche ed adeguare le toilette<\/strong><\/p>\n","protected":false},"excerpt":{"rendered":"<p>Abbiamo partecipato al progetto \u2018Alimentazione\u2019, segnalato dalla nostra amica Serena. Il progetto promuove l\u2019educazione, la formazione professionale e una alimentazione adeguata a 97 bambini che vivono e studiano presso il Centro di Accoglienza \u2018Lar nova Esperenca\u2019 nella citt\u00e0 di Matola in Monzabico. L\u2019amica Tela ci ha segnalato questi due progetti in Kenia: 1- a Meru [&hellip;]<\/p>\n","protected":false},"author":2,"featured_media":0,"parent":0,"menu_order":0,"comment_status":"closed","ping_status":"closed","template":"","meta":{"ngg_post_thumbnail":0,"spay_email":""},"jetpack_sharing_enabled":true,"jetpack_shortlink":"https:\/\/wp.me\/P9F40P-8D","jetpack_likes_enabled":true,"jetpack-related-posts":[{"id":539,"url":"https:\/\/www.onluscosimobattiato.it\/onlus\/progetti-2016\/","url_meta":{"origin":535,"position":0},"title":"Progetti 2016","date":"5 Marzo 2021","format":false,"excerpt":"La nostra amica Nucci ci ha segnalato 2 progetti: Winfred Alcuni ragazzi che vivono in Kenia avrebbero bisogno di carrozzine per disabili per potersi muovere in autonomia: Winfred una ragazza con residuo visivo limitatissimo con gravi problemi di deambulazione. Ha imparato a lavorare a maglia con la macchina di maglieria\u2026","rel":"","context":"Articolo simile","img":{"alt_text":"","src":"https:\/\/i2.wp.com\/www.onluscosimobattiato.it\/wp-content\/uploads\/2021\/03\/carrozzina.png?resize=350%2C200&ssl=1","width":350,"height":200},"classes":[]},{"id":541,"url":"https:\/\/www.onluscosimobattiato.it\/onlus\/progetti-2011-2015\/","url_meta":{"origin":535,"position":1},"title":"Progetti 2011-2015","date":"5 Marzo 2021","format":false,"excerpt":"2015 Donato 2 dattilo braille alla scuola Lira in UgandaAcquistato per Jacob, ragazzo cieco-sordo che vive in Kenia 2 caprette per avviare un allevamentoAcquistato per una ragazza cieca che vive in Kenia un forno e gli accessori per produrre il pane ed avviare un\u2019attivit\u00e0 lavorativa 2014 Donazione di 30 bastoni\u2026","rel":"","context":"Articolo simile","img":{"alt_text":"","src":"","width":0,"height":0},"classes":[]},{"id":508,"url":"https:\/\/www.onluscosimobattiato.it\/onlus\/progetti-2018\/","url_meta":{"origin":535,"position":2},"title":"Progetti 2018","date":"23 Febbraio 2021","format":false,"excerpt":"Thomas vive in Kenia, \u00e8\u00a0un ragazzo cieco con un residuo uditivo limitatissimo. Ha frequentato la scuola superiore per ciechi ed ora \u00e8 stato ammesso ad un College dove conseguir\u00e0 il diploma di insegnante. Purtroppo, Thomas non potr\u00e0 mai insegnare anche se \u00e8 intelligente e volonteroso, se non sar\u00e0 in grado\u2026","rel":"","context":"Articolo simile","img":{"alt_text":"","src":"","width":0,"height":0},"classes":[]},{"id":790,"url":"https:\/\/www.onluscosimobattiato.it\/onlus\/progetti-2021\/","url_meta":{"origin":535,"position":3},"title":"Progetti 2021","date":"30 Aprile 2022","format":false,"excerpt":"Finalmente da settembre 2021 \u00e8 stato possibile realizzare i mercatini domenicali che ci consentono di raccogliere fondi per i progetti. Con i vostri contributi abbiamo sostenuto Cesar un giovane cieco dalla nascita di 16 anni autistico che vive in Costa Rica. Cesar ha imparato a camminare da solo con l\u2019ausilio\u2026","rel":"","context":"Articolo simile","img":{"alt_text":"","src":"","width":0,"height":0},"classes":[]},{"id":853,"url":"https:\/\/www.onluscosimobattiato.it\/onlus\/progetti-2022\/","url_meta":{"origin":535,"position":4},"title":"Progetti 2022","date":"14 Ottobre 2023","format":false,"excerpt":"Nonostante le difficolt\u00e0 burocratiche siamo riusciti a donare due macchine da scrivere in braille alla scuola St.Lucy\u2019s School For The Blind in Kenia frequentata da circa 200 bambini ciechi. Il linguaggio braille \u00e8 l\u2019unico che consente alle persone cieche di scrivere e leggere qualsiasi tipo di testo dai libri alle\u2026","rel":"","context":"Articolo simile","img":{"alt_text":"","src":"","width":0,"height":0},"classes":[]},{"id":929,"url":"https:\/\/www.onluscosimobattiato.it\/onlus\/progetti-2023\/","url_meta":{"origin":535,"position":5},"title":"Progetti 2023","date":"30 Maggio 2024","format":false,"excerpt":"Nel 2023 abbiamo donato: ai ragazzi ciechi della scuola St.Lucy\u2019s School For The Blind in Kenia tavoli per giocare a pingpong ovvero SHOWDON. Lo showdown \u00e8 uno sport per ipovedenti e ciechi, Questo sport, largamente praticato a livello nazionale ed internazionale, si gioca in Europa, Asia, Africa, Nord e Sud\u2026","rel":"","context":"Articolo simile","img":{"alt_text":"","src":"","width":0,"height":0},"classes":[]}],"_links":{"self":[{"href":"https:\/\/www.onluscosimobattiato.it\/onlus\/wp-json\/wp\/v2\/pages\/535"}],"collection":[{"href":"https:\/\/www.onluscosimobattiato.it\/onlus\/wp-json\/wp\/v2\/pages"}],"about":[{"href":"https:\/\/www.onluscosimobattiato.it\/onlus\/wp-json\/wp\/v2\/types\/page"}],"author":[{"embeddable":true,"href":"https:\/\/www.onluscosimobattiato.it\/onlus\/wp-json\/wp\/v2\/users\/2"}],"replies":[{"embeddable":true,"href":"https:\/\/www.onluscosimobattiato.it\/onlus\/wp-json\/wp\/v2\/comments?post=535"}],"version-history":[{"count":2,"href":"https:\/\/www.onluscosimobattiato.it\/onlus\/wp-json\/wp\/v2\/pages\/535\/revisions"}],"predecessor-version":[{"id":547,"href":"https:\/\/www.onluscosimobattiato.it\/onlus\/wp-json\/wp\/v2\/pages\/535\/revisions\/547"}],"wp:attachment":[{"href":"https:\/\/www.onluscosimobattiato.it\/onlus\/wp-json\/wp\/v2\/media?parent=535"}],"curies":[{"name":"wp","href":"https:\/\/api.w.org\/{rel}","templated":true}]}}