{"id":539,"date":"2021-03-05T21:28:28","date_gmt":"2021-03-05T20:28:28","guid":{"rendered":"http:\/\/www.onluscosimobattiato.it\/onlus\/?page_id=539"},"modified":"2021-03-05T21:28:28","modified_gmt":"2021-03-05T20:28:28","slug":"progetti-2016","status":"publish","type":"page","link":"https:\/\/www.onluscosimobattiato.it\/onlus\/progetti-2016\/","title":{"rendered":"Progetti 2016"},"content":{"rendered":"\n<p>La nostra amica Nucci ci ha segnalato 2 progetti: <\/p>\n\n\n\n<div class=\"wp-block-image\"><figure class=\"alignright size-large is-resized\"><img data-attachment-id=\"543\" data-permalink=\"https:\/\/www.onluscosimobattiato.it\/onlus\/carrozzina\/\" data-orig-file=\"https:\/\/i2.wp.com\/www.onluscosimobattiato.it\/wp-content\/uploads\/2021\/03\/carrozzina.png?fit=666%2C500&amp;ssl=1\" data-orig-size=\"666,500\" data-comments-opened=\"0\" data-image-meta=\"{&quot;aperture&quot;:&quot;0&quot;,&quot;credit&quot;:&quot;&quot;,&quot;camera&quot;:&quot;&quot;,&quot;caption&quot;:&quot;&quot;,&quot;created_timestamp&quot;:&quot;0&quot;,&quot;copyright&quot;:&quot;&quot;,&quot;focal_length&quot;:&quot;0&quot;,&quot;iso&quot;:&quot;0&quot;,&quot;shutter_speed&quot;:&quot;0&quot;,&quot;title&quot;:&quot;&quot;,&quot;orientation&quot;:&quot;0&quot;}\" data-image-title=\"carrozzina\" data-image-description=\"\" data-medium-file=\"https:\/\/i2.wp.com\/www.onluscosimobattiato.it\/wp-content\/uploads\/2021\/03\/carrozzina.png?fit=300%2C225&amp;ssl=1\" data-large-file=\"https:\/\/i2.wp.com\/www.onluscosimobattiato.it\/wp-content\/uploads\/2021\/03\/carrozzina.png?fit=656%2C492&amp;ssl=1\" loading=\"lazy\" src=\"https:\/\/i2.wp.com\/www.onluscosimobattiato.it\/wp-content\/uploads\/2021\/03\/carrozzina.png?resize=134%2C100\" alt=\"\" class=\"wp-image-543\" width=\"134\" height=\"100\" srcset=\"https:\/\/i2.wp.com\/www.onluscosimobattiato.it\/wp-content\/uploads\/2021\/03\/carrozzina.png?w=666&amp;ssl=1 666w, https:\/\/i2.wp.com\/www.onluscosimobattiato.it\/wp-content\/uploads\/2021\/03\/carrozzina.png?resize=300%2C225&amp;ssl=1 300w\" sizes=\"(max-width: 134px) 100vw, 134px\" data-recalc-dims=\"1\" \/><figcaption>Winfred<\/figcaption><\/figure><\/div>\n\n\n\n<ol type=\"1\"><li>Alcuni ragazzi che vivono in <strong>Kenia<\/strong> avrebbero bisogno di <strong>carrozzine per disabili per potersi muovere in autonomia: Winfred<\/strong> una ragazza con residuo visivo limitatissimo con gravi problemi di deambulazione. Ha imparato a lavorare a maglia con la macchina di maglieria e a &nbsp;produrre pane e dolci con un piccolo forno; <strong>Kelvin<\/strong> \u00e8 un ragazzo che frequenta il secondo anno di scuola superiore, \u00e8 cieco ed affetto da artrite reumatoide che ormai gli rende quasi impossibile camminare e anche le mani sono gravemente colpite; <strong>Davin<\/strong> frequenta la scuola elementare ed ha problemi di deambulazione; <strong>Brendah<\/strong> una bambina molto intelligente non potr\u00e0 mai camminare, anche se \u00e8 gi\u00e0 stata sottoposta a numerosi interventi chirurgici, alla testa, alla spina dorsale, alle gambe. Ha imparato ad usare la sedia a rotelle e con una tutta sua potr\u00e0 andare a scuola ed uscire dall\u2019isolamento. Abbiamo <strong>acquistato le carrozzelle per questi ragazzi e ridato un sorriso e tanta speranza per il futuro<\/strong><\/li><li><strong>Joseph, un ragazzo non vedente<\/strong> che vive in Kenia potrebbe <strong>avviare un allevamento di caprette<\/strong> e vendendo il latte provvedere al suo sostentamento aiutando cos\u00ec la famiglia. <strong>Abbiamo donato 2 caprette a Joseph<\/strong><\/li><\/ol>\n","protected":false},"excerpt":{"rendered":"<p>La nostra amica Nucci ci ha segnalato 2 progetti: Alcuni ragazzi che vivono in Kenia avrebbero bisogno di carrozzine per disabili per potersi muovere in autonomia: Winfred una ragazza con residuo visivo limitatissimo con gravi problemi di deambulazione. Ha imparato a lavorare a maglia con la macchina di maglieria e a &nbsp;produrre pane e dolci [&hellip;]<\/p>\n","protected":false},"author":2,"featured_media":0,"parent":0,"menu_order":0,"comment_status":"closed","ping_status":"closed","template":"","meta":{"ngg_post_thumbnail":0,"spay_email":""},"jetpack_sharing_enabled":true,"jetpack_shortlink":"https:\/\/wp.me\/P9F40P-8H","jetpack_likes_enabled":true,"jetpack-related-posts":[{"id":790,"url":"https:\/\/www.onluscosimobattiato.it\/onlus\/progetti-2021\/","url_meta":{"origin":539,"position":0},"title":"Progetti 2021","date":"30 Aprile 2022","format":false,"excerpt":"Finalmente da settembre 2021 \u00e8 stato possibile realizzare i mercatini domenicali che ci consentono di raccogliere fondi per i progetti. Con i vostri contributi abbiamo sostenuto Cesar un giovane cieco dalla nascita di 16 anni autistico che vive in Costa Rica. Cesar ha imparato a camminare da solo con l\u2019ausilio\u2026","rel":"","context":"Articolo simile","img":{"alt_text":"","src":"","width":0,"height":0},"classes":[]},{"id":11,"url":"https:\/\/www.onluscosimobattiato.it\/onlus\/i-progetti\/","url_meta":{"origin":539,"position":1},"title":"I Progetti","date":"14 Febbraio 2018","format":false,"excerpt":"La vendita dei prodotti artigianali realizzati dai volontari, le donazioni elargite e il contributo del 5x1000 ci consentono di rinnovare ogni anno l\u2019adozione di 2 ragazzi che vivono in Ruanda, adottare un bambino significa aiutarlo ad andare a scuola, avere cure mediche e medicine ogni qual volta ne avr\u00e0 bisogno,\u2026","rel":"","context":"Articolo simile","img":{"alt_text":"","src":"","width":0,"height":0},"classes":[]},{"id":533,"url":"https:\/\/www.onluscosimobattiato.it\/onlus\/progetti-2020\/","url_meta":{"origin":539,"position":2},"title":"Progetti 2020","date":"5 Marzo 2021","format":false,"excerpt":"In questo anno, la pandemia ha limitato la possibilit\u00e0 di realizzare mercatini domenicali, principale mezzo per raccogliere fondi, ma l\u2019Associazione Cosimo Battiato non ha mai smesso di sostenere coloro che ci chiedono un aiuto. Alla casa-famiglia \u2018La Casa della Mamma\u2019 di Roma, che accoglie giovani madri con i loro bambini\u2026","rel":"","context":"Articolo simile","img":{"alt_text":"","src":"","width":0,"height":0},"classes":[]},{"id":508,"url":"https:\/\/www.onluscosimobattiato.it\/onlus\/progetti-2018\/","url_meta":{"origin":539,"position":3},"title":"Progetti 2018","date":"23 Febbraio 2021","format":false,"excerpt":"Thomas vive in Kenia, \u00e8\u00a0un ragazzo cieco con un residuo uditivo limitatissimo. Ha frequentato la scuola superiore per ciechi ed ora \u00e8 stato ammesso ad un College dove conseguir\u00e0 il diploma di insegnante. Purtroppo, Thomas non potr\u00e0 mai insegnare anche se \u00e8 intelligente e volonteroso, se non sar\u00e0 in grado\u2026","rel":"","context":"Articolo simile","img":{"alt_text":"","src":"","width":0,"height":0},"classes":[]},{"id":535,"url":"https:\/\/www.onluscosimobattiato.it\/onlus\/progetti-2019\/","url_meta":{"origin":539,"position":4},"title":"Progetti 2019","date":"5 Marzo 2021","format":false,"excerpt":"Abbiamo partecipato al progetto \u2018Alimentazione\u2019, segnalato dalla nostra amica Serena. Il progetto promuove l\u2019educazione, la formazione professionale e una alimentazione adeguata a 97 bambini che vivono e studiano presso il Centro di Accoglienza \u2018Lar nova Esperenca\u2019 nella citt\u00e0 di Matola in Monzabico. L\u2019amica Tela ci ha segnalato questi due progetti\u2026","rel":"","context":"Articolo simile","img":{"alt_text":"","src":"https:\/\/i2.wp.com\/www.onluscosimobattiato.it\/wp-content\/uploads\/2021\/03\/PHOTO-2019-03-31-14-16-16.jpg?resize=350%2C200&ssl=1","width":350,"height":200},"classes":[]},{"id":938,"url":"https:\/\/www.onluscosimobattiato.it\/onlus\/progetti-2024\/","url_meta":{"origin":539,"position":5},"title":"Progetti 2024","date":"10 Aprile 2025","format":false,"excerpt":"Nel 2024 abbiamo donato: una macchina di maglieria\u00a0e relativa attrezzatura ad una ragazza cieca che ha frequentato il corso di maglieria all\u2019Irene Vocational Centre for Blind Girls in Kenia.sacchi a pelo per i rifugiati\u00a0della rotta balcanica con l\u2019aiuto della Comunit\u00e0 di San Martino al Campo di Triesteai ragazzi dell\u2019Agricoltura di\u2026","rel":"","context":"Articolo simile","img":{"alt_text":"","src":"","width":0,"height":0},"classes":[]}],"_links":{"self":[{"href":"https:\/\/www.onluscosimobattiato.it\/onlus\/wp-json\/wp\/v2\/pages\/539"}],"collection":[{"href":"https:\/\/www.onluscosimobattiato.it\/onlus\/wp-json\/wp\/v2\/pages"}],"about":[{"href":"https:\/\/www.onluscosimobattiato.it\/onlus\/wp-json\/wp\/v2\/types\/page"}],"author":[{"embeddable":true,"href":"https:\/\/www.onluscosimobattiato.it\/onlus\/wp-json\/wp\/v2\/users\/2"}],"replies":[{"embeddable":true,"href":"https:\/\/www.onluscosimobattiato.it\/onlus\/wp-json\/wp\/v2\/comments?post=539"}],"version-history":[{"count":2,"href":"https:\/\/www.onluscosimobattiato.it\/onlus\/wp-json\/wp\/v2\/pages\/539\/revisions"}],"predecessor-version":[{"id":546,"href":"https:\/\/www.onluscosimobattiato.it\/onlus\/wp-json\/wp\/v2\/pages\/539\/revisions\/546"}],"wp:attachment":[{"href":"https:\/\/www.onluscosimobattiato.it\/onlus\/wp-json\/wp\/v2\/media?parent=539"}],"curies":[{"name":"wp","href":"https:\/\/api.w.org\/{rel}","templated":true}]}}